{"id":2011,"date":"2021-05-11T17:13:59","date_gmt":"2021-05-11T17:13:59","guid":{"rendered":"https:\/\/tahliyeplani.com\/?page_id=2011"},"modified":"2021-05-12T10:15:03","modified_gmt":"2021-05-12T10:15:03","slug":"fabrika-acil-durum-plani","status":"publish","type":"page","link":"https:\/\/tahliyeplani.com\/index.php\/fabrika-acil-durum-plani\/","title":{"rendered":"Fabrika Acil Durum Plan\u0131"},"content":{"rendered":"\t\t<div data-elementor-type=\"wp-page\" data-elementor-id=\"2011\" class=\"elementor elementor-2011\" data-elementor-settings=\"[]\">\n\t\t\t\t\t\t\t<div class=\"elementor-section-wrap\">\n\t\t\t\t\t\t\t<section class=\"elementor-section elementor-top-section elementor-element elementor-element-704f9d3 elementor-section-boxed elementor-section-height-default elementor-section-height-default\" data-id=\"704f9d3\" data-element_type=\"section\" data-settings=\"{&quot;ekit_has_onepagescroll_dot&quot;:&quot;yes&quot;}\">\n\t\t\t\t\t\t<div class=\"elementor-container elementor-column-gap-default\">\n\t\t\t\t\t<div class=\"elementor-column elementor-col-100 elementor-top-column elementor-element elementor-element-89e9512\" data-id=\"89e9512\" data-element_type=\"column\">\n\t\t\t<div class=\"elementor-widget-wrap elementor-element-populated\">\n\t\t\t\t\t\t\t\t<div class=\"elementor-element elementor-element-4dfd7bb elementor-widget elementor-widget-image\" data-id=\"4dfd7bb\" data-element_type=\"widget\" data-settings=\"{&quot;ekit_we_effect_on&quot;:&quot;none&quot;}\" data-widget_type=\"image.default\">\n\t\t\t\t<div class=\"elementor-widget-container\">\n\t\t\t\t\t\t\t\t\t\t\t\t\t\t\t<img width=\"768\" height=\"579\" src=\"https:\/\/tahliyeplani.com\/wp-content\/uploads\/2021\/05\/shutterstock_140464306-768x579.jpg\" class=\"attachment-medium_large size-medium_large\" alt=\"\" loading=\"lazy\" srcset=\"https:\/\/tahliyeplani.com\/wp-content\/uploads\/2021\/05\/shutterstock_140464306-768x579.jpg 768w, https:\/\/tahliyeplani.com\/wp-content\/uploads\/2021\/05\/shutterstock_140464306-300x226.jpg 300w, https:\/\/tahliyeplani.com\/wp-content\/uploads\/2021\/05\/shutterstock_140464306-1024x772.jpg 1024w, https:\/\/tahliyeplani.com\/wp-content\/uploads\/2021\/05\/shutterstock_140464306-1536x1159.jpg 1536w, https:\/\/tahliyeplani.com\/wp-content\/uploads\/2021\/05\/shutterstock_140464306-2048x1545.jpg 2048w, https:\/\/tahliyeplani.com\/wp-content\/uploads\/2021\/05\/shutterstock_140464306-350x264.jpg 350w\" sizes=\"(max-width: 768px) 100vw, 768px\" \/>\t\t\t\t\t\t\t\t\t\t\t\t\t\t\t<\/div>\n\t\t\t\t<\/div>\n\t\t\t\t\t<\/div>\n\t\t<\/div>\n\t\t\t\t\t\t\t<\/div>\n\t\t<\/section>\n\t\t\t\t<section class=\"elementor-section elementor-top-section elementor-element elementor-element-9579b68 elementor-section-boxed elementor-section-height-default elementor-section-height-default\" data-id=\"9579b68\" data-element_type=\"section\" data-settings=\"{&quot;ekit_has_onepagescroll_dot&quot;:&quot;yes&quot;}\">\n\t\t\t\t\t\t<div class=\"elementor-container elementor-column-gap-default\">\n\t\t\t\t\t<div class=\"elementor-column elementor-col-100 elementor-top-column elementor-element elementor-element-2caaa3d\" data-id=\"2caaa3d\" data-element_type=\"column\">\n\t\t\t<div class=\"elementor-widget-wrap elementor-element-populated\">\n\t\t\t\t\t\t\t\t<div class=\"elementor-element elementor-element-c367127 elementor-widget elementor-widget-heading\" data-id=\"c367127\" data-element_type=\"widget\" data-settings=\"{&quot;ekit_we_effect_on&quot;:&quot;none&quot;}\" data-widget_type=\"heading.default\">\n\t\t\t\t<div class=\"elementor-widget-container\">\n\t\t\t<h2 class=\"elementor-heading-title elementor-size-default\">Fabrikalar i\u00e7in Acil Durum Tahliye Plan\u0131\n<\/h2>\t\t<\/div>\n\t\t\t\t<\/div>\n\t\t\t\t<div class=\"elementor-element elementor-element-ff8823c elementor-widget elementor-widget-text-editor\" data-id=\"ff8823c\" data-element_type=\"widget\" data-settings=\"{&quot;ekit_we_effect_on&quot;:&quot;none&quot;}\" data-widget_type=\"text-editor.default\">\n\t\t\t\t<div class=\"elementor-widget-container\">\n\t\t\t\t\t\t\t\t<div class=\"vc_row wpb_row vc_row-fluid\"><div class=\"container\"><div class=\"row\"><div class=\"wpb_column vc_column_container vc_col-sm-12\"><div class=\"vc_column-inner\"><div class=\"wpb_wrapper\"><div class=\"wpb_text_column wpb_content_element \"><div class=\"wpb_wrapper\"><p>Acil durum plan\u0131 haz\u0131rlanan i\u015fyerinin kom\u015fu i\u015fyeri ve binalar\u0131nda yap\u0131lan faaliyetler de g\u00f6z \u00f6n\u00fcne al\u0131nmal\u0131d\u0131r. \u00d6rne\u011fin, patlay\u0131c\u0131 madde imal eden<br \/>bir fabrikada olu\u015fabilecek bir yang\u0131n acil durumu, kom\u015fu i\u015fyerlerini de etkileyebilecektir. Bu y\u00fczden etki alan\u0131na giren i\u015fyerlerinde acil durumlar\u0131n belirlenmesinde s\u00f6z konusu durum g\u00f6z \u00f6n\u00fcnde bulundurulmal\u0131d\u0131r.<\/p><p>Acil durumlar belirlenirken i\u015fyerinin ge\u00e7mi\u015fte ya\u015fad\u0131\u011f\u0131 acil durum ve kazalar da dikkate al\u0131nmal\u0131d\u0131r. Bu kaza ve acil durumlar\u0131n olu\u015fma s\u0131kl\u0131\u011f\u0131na g\u00f6re verilmesi gereken \u00f6nem ve derecelendirme, acil durum plan\u0131 haz\u0131rlanmadan \u00f6nce haz\u0131rlanm\u0131\u015f olan risk de\u011ferlendirmesinde analiz edilmi\u015f olacakt\u0131r.<\/p><p>AFAD\u2019\u0131n belirledi\u011fi acil durumlar, kurumun g\u00f6revi ve ilgi alan\u0131 gere\u011fi daha \u00e7ok do\u011fal afetler \u00fczerinde yo\u011funla\u015fm\u0131\u015ft\u0131r. End\u00fcstriyel manada kamu kurumlar\u0131 da d\u00e2hil olmak \u00fczere \u0130SG a\u00e7\u0131s\u0131ndan ele al\u0131nd\u0131\u011f\u0131nda ise acil durumlar \u015fu \u015fekilde s\u0131ralanabilir:<\/p><p>\uf0d8 Yang\u0131n,<br \/>\uf0d8 Patlama,<br \/>\uf0d8 Tehlikeli kimyasal madde yay\u0131l\u0131m\u0131,<br \/>\uf0d8 Do\u011fal afetler,<br \/>\uf0d8 \u0130lkyard\u0131m ve tahliye gerektirecek olay ve kazalar,<br \/>\uf0d8 G\u0131da zehirlenmesi,<br \/>\uf0d8 Sabotaj.<\/p><p>Yap\u0131lan i\u015fin niteli\u011fine ba\u011fl\u0131 olarak \u00f6zel acil durumlar da plana d\u00e2hil edilmelidir.<br \/>Fabrikalarda meydana gelebilecek acil durumlar; yap\u0131lan i\u015fin niteli\u011fi, kullan\u0131lan malzemeler, i\u015fyerlerindeki risk fakt\u00f6rleri, i\u015fyerinin konumu, faaliyet g\u00f6sterdi\u011fi alandaki \u00f6nem derecesi gibi \u00e7e\u015fitli etmenlere g\u00f6re farkl\u0131l\u0131klar arz etmektedir.<\/p><\/div><\/div><\/div><\/div><\/div><\/div><\/div><\/div><div class=\"vc_row wpb_row vc_row-fluid\"><div class=\"container\"><div class=\"row\"><div class=\"wpb_column vc_column_container vc_col-sm-12\"><div class=\"vc_column-inner\"><div class=\"wpb_wrapper\"><div class=\"ba-empty-space \">\u00a0<\/div><\/div><\/div><\/div><\/div><\/div><\/div>\t\t\t\t\t\t<\/div>\n\t\t\t\t<\/div>\n\t\t\t\t\t<\/div>\n\t\t<\/div>\n\t\t\t\t\t\t\t<\/div>\n\t\t<\/section>\n\t\t\t\t\t\t<\/div>\n\t\t\t\t\t<\/div>\n\t\t","protected":false},"excerpt":{"rendered":"<p>Fabrikalar i\u00e7in Acil Durum Tahliye Plan\u0131 Acil durum plan\u0131 haz\u0131rlanan i\u015fyerinin kom\u015fu i\u015fyeri ve binalar\u0131nda yap\u0131lan faaliyetler de g\u00f6z \u00f6n\u00fcne al\u0131nmal\u0131d\u0131r. \u00d6rne\u011fin, patlay\u0131c\u0131 madde imal eden bir fabrikada olu\u015fabilecek bir yang\u0131n acil durumu, kom\u015fu i\u015fyerlerini de etkileyebilecektir. Bu y\u00fczden etki alan\u0131na giren i\u015fyerlerinde acil durumlar\u0131n belirlenmesinde s\u00f6z konusu durum g\u00f6z \u00f6n\u00fcnde bulundurulmal\u0131d\u0131r. Acil durumlar belirlenirken [&hellip;]<\/p>\n","protected":false},"author":1,"featured_media":1919,"parent":0,"menu_order":0,"comment_status":"closed","ping_status":"closed","template":"","meta":[],"_links":{"self":[{"href":"https:\/\/tahliyeplani.com\/index.php\/wp-json\/wp\/v2\/pages\/2011"}],"collection":[{"href":"https:\/\/tahliyeplani.com\/index.php\/wp-json\/wp\/v2\/pages"}],"about":[{"href":"https:\/\/tahliyeplani.com\/index.php\/wp-json\/wp\/v2\/types\/page"}],"author":[{"embeddable":true,"href":"https:\/\/tahliyeplani.com\/index.php\/wp-json\/wp\/v2\/users\/1"}],"replies":[{"embeddable":true,"href":"https:\/\/tahliyeplani.com\/index.php\/wp-json\/wp\/v2\/comments?post=2011"}],"version-history":[{"count":5,"href":"https:\/\/tahliyeplani.com\/index.php\/wp-json\/wp\/v2\/pages\/2011\/revisions"}],"predecessor-version":[{"id":2175,"href":"https:\/\/tahliyeplani.com\/index.php\/wp-json\/wp\/v2\/pages\/2011\/revisions\/2175"}],"wp:featuredmedia":[{"embeddable":true,"href":"https:\/\/tahliyeplani.com\/index.php\/wp-json\/wp\/v2\/media\/1919"}],"wp:attachment":[{"href":"https:\/\/tahliyeplani.com\/index.php\/wp-json\/wp\/v2\/media?parent=2011"}],"curies":[{"name":"wp","href":"https:\/\/api.w.org\/{rel}","templated":true}]}}